 75385170?
7
What is the hundred thousands digit of 3756977103?
9
What is the thousands digit of 180702004?
2
What is the thousands digit of 4666228691?
8
What is the hundred thousands digit of 724489594?
4
What is the hundreds digit of 325328666?
6
What is the millions digit of 3914065632?
4
What is the hundred thousands digit of 1235297?
2
What is the thousands digit of 10226413?
6
What is the ten millions digit of 714897916?
1
What is the billions digit of 1324564653?
1
What is the hundreds digit of 43085253?
2
What is the tens digit of 1494978392?
9
What is the hundred thousands digit of 341923671?
9
What is the tens digit of 20896946?
4
What is the units digit of 1377449053?
3
What is the hundreds digit of 672379392?
3
What is the units digit of 791252346?
6
What is the hundred thousands digit of 186300640?
3
What is the millions digit of 253900777?
3
What is the millions digit of 774030446?
4
What is the ten thousands digit of 120955969?
5
What is the hundreds digit of 2709423626?
6
What is the thousands digit of 720661053?
1
What is the hundreds digit of 41220168?
1
What is the units digit of 3683625076?
6
What is the hundreds digit of 236264807?
8
What is the units digit of 1517744829?
9
What is the hundred millions digit of 959604010?
9
What is the thousands digit of 4404167919?
7
What is the ten thousands digit of 488725680?
2
What is the units digit of 4270501266?
6
What is the thousands digit of 22365647?
5
What is the tens digit of 45781926?
2
What is the hundreds digit of 2470986784?
7
What is the thousands digit of 121542878?
2
What is the thousands digit of 86865754?
5
What is the millions digit of 902722535?
2
What is the hundred millions digit of 3543644532?
5
What is the thousands digit of 98110012?
0
What is the hundreds digit of 4344525?
5
What is the tens digit of 1781947217?
1
What is the millions digit of 88415649?
8
What is the tens digit of 34231013?
1
What is the hundred millions digit of 1423844479?
4
What is the hundreds digit of 585798205?
2
What is the hundred thousands digit of 6611641212?
6
What is the tens digit of 113977063?
6
What is the ten thousands digit of 58938167?
3
What is the hundreds digit of 1244417589?
5
What is the ten millions digit of 50861856?
5
What is the thousands digit of 104157544?
7
What is the hundred thousands digit of 25157672?
1
What is the ten thousands digit of 177184559?
8
What is the hundreds digit of 119562623?
6
What is the tens digit of 2007164518?
1
What is the ten millions digit of 458851022?
5
What is the ten millions digit of 1248952331?
4
What is the units digit of 262764204?
4
What is the tens digit of 7910587795?
9
What is the millions digit of 1179792276?
9
What is the hundreds digit of 3619421490?
4
What is the hundreds digit of 2961470886?
8
What is the hundred millions digit of 265316802?
2
What is the hundred thousands digit of 68551057?
5
What is the hundreds digit of 46659268?
2
What is the ten thousands digit of 690466066?
6
What is the hundred thousands digit of 165000472?
0
What is the units digit of 164213400?
0
What is the tens digit of 4435925788?
8
What is the units digit of 40692596?
6
What is the ten millions digit of 17256678?
1
What is the thousands digit of 1682576397?
6
What is the hundred thousands digit of 919360888?
3
What is the hundred thousands digit of 48532066?
5
What is the ten millions digit of 6621169907?
2
What is the tens digit of 12633672?
7
What is the ten millions digit of 62123589?
6
What is the ten millions digit of 4651260509?
5
What is the ten millions digit of 2054368647?
5
What is the ten thousands digit of 4170798130?
9
What is the hundred millions digit of 182252714?
1
What is the units digit of 188686827?
7
What is the thousands digit of 3749558?
9
What is the billions digit of 1978095039?
1
What is the hundred thousands digit of 7070301?
0
What is the ten thousands digit of 39246632?
4
What is the hundreds digit of 2616525905?
9
What is the millions digit of 272072106?
2
What is the ten millions digit of 13924885?
1
What is the hundred thousands digit of 12746555?
7
What is the tens digit of 1750750360?
6
What is the hundred millions digit of 483594763?
4
What is the millions digit of 44415008?
4
What is the tens digit of 191170111?
1
What is the millions digit of 83413910?
3
What is the thousands digit of 289584694?
4
What is the units digit of 279595946?
6
What is the ten millions digit of 40364966?
4
What is the hundreds digit of 36487024?
0
What is the hundred thousands digit of 287606319?
6
What is the units digit of 14003849?
9
What is the ten thousands digit of 9059393?
5
What is the tens digit of 3307015972?
7
What is the millions digit of 39188509?
9
What is the units digit of 688411436?
6
What is the tens digit of 1570812?
1
What is the hundreds digit of 31668586?
5
What is the millions digit of 610299989?
0
What is the hundred millions digit of 411951625?
4
What is the thousands digit of 316381999?
1
What is the hundreds digit of 349085560?
5
What is the hundred millions digit of 906081651?
9
What is the millions digit of 4514895?
4
What is the hundred thousands digit of 550678477?
6
What is the hundreds digit of 51869537?
5
What is the billions digit of 1009268020?
1
What is the tens digit of 48813690?
9
What is the units digit of 76848904?
4
What is the hundred thousands digit of 49454875?
4
What is the hundreds digit of 64068833?
8
What is the ten thousands digit of 2520426839?
2
What is the ten millions digit of 6981739672?
8
What is the units digit of 38277474?
4
What is the millions digit of 1425984517?
5
What is the units digit of 61912936?
6
What is the hundreds digit of 208708604?
6
What is the hundred thousands digit of 106208972?
2
What is the hundreds digit of 866213261?
2
What is the ten millions digit of 54896522?
5
What is the hundreds digit of 42846605?
6
What is the ten thousands digit of 878548240?
4
What is the hundreds digit of 1384246771?
7
What is the units digit of 39610816?
6
What is the hundred thousands digit of 1035666672?
6
What is the ten millions digit of 53186387?
5
What is the hundred thousands digit of 432425015?
4
What is the billions digit of 1761064582?
1
What is the units digit of 21040421?
1
What is the units digit of 238911109?
9
What is the ten millions digit of 1066814710?
6
What is the thousands digit of 55807198?
7
What is the ten millions digit of 27956588?
2
What is the hundred thousands digit of 2653009363?
0
What is the thousands digit of 138590438?
0
What is the hundreds digit of 48362909?
9
What is the tens digit of 52554985?
8
What is the hundreds digit of 60433026?
0
What is the units digit of 1990368372?
2
What is the tens digit of 673293340?
4
What is the millions digit of 2278036370?
8
What is the hundred thousands digit of 74191472?
1
What is the ten millions digit of 101784326?
0
What is the ten thousands digit of 25369925?
6
What is the thousands digit of 314931319?
1
What is the tens digit of 279733814?
1
What is the millions digit of 22667915?
2
What is the millions digit of 2315754868?
5
What is the hundred thousands digit of 9402116038?
1
What is the units digit of 1963865711?
1
What is the hundreds digit of 76908?
9
What is the hundred thousands digit of 558848734?
8
What is the hundred thousands digit of 2304395767?
3
What is the hundred millions digit of 130533792?
1
What is the hundred thousands digit of 3141460124?
4
What is the hundreds digit of 3176784509?
5
What is the hundreds digit of 2139183484?
4
What is the thousands digit of 187544871?
4
What is the tens digit of 112671249?
4
What is the tens digit of 31049343?
4
What is the hundred thousands digit of 97461770?
4
What is the hundred thousands digit of 374286577?
2
What is the hundreds digit of 15222219?
2
What is the ten thousands digit of 1446299002?
9
What is the hundreds digit of 7858388?
3
What is the ten millions digit of 1220485976?
2
What is the hundred thousands digit of 49273213?
2
What is the hundreds digit of 59780365?
3
What is the hundred millions digit of 3182101202?
1
What is the ten thousands digit of 692527213?
2
What is the units digit of 292359243?
3
What is the billions digit of 2293511914?
2
What is the thousands digit of 747895451?
5
What is the hundred millions d